503. Calculate o(9).
10
Let q(j) = -j**3 + 96*j**2 + 323*j - 12446. Determine q(98).
0
Let j(r) = 18*r + 146. Give j(-11).
-52
Let g(s) = s**3 - 26*s**2 - 34*s + 160. Calculate g(27).
-29
Let k(w) = w**2 - 58*w + 137. What is k(56)?
25
Let u(y) = 3*y**3 + 2*y**2 + 3*y + 28. Calculate u(-2).
6
Let s(m) = -m**3 + 34*m**2 - 80*m. Determine s(3).
39
Let c(m) = 2*m**3 + 27*m**2 + 43*m - 26. What is c(-11)?
106
Let w(d) = -d**2 + 120*d - 1489. Give w(106).
-5
Let h(i) = -33*i - 687. Give h(-17).
-126
Let a(p) = -4*p - 46. What is a(-7)?
-18
Let b(o) = -74*o**2 - 371*o. Give b(-5).
5
Let a(r) = -2*r**3 - 64*r**2 + 80. What is a(-32)?
80
Let t(u) = -3*u**2 - 177*u + 755. Give t(-63).
-1
Let m(r) = 74*r**2 + 46*r + 49. Determine m(-1).
77
Let d(r) = 14*r**2 - 206*r - 27. What is d(16)?
261
Let c(z) = -2*z**3 + 2*z**2 - 14*z + 16. Give c(0).
16
Let j(r) = -544*r - 3284. What is j(-6)?
-20
Let n(j) = -j**2 + 60*j + 256. Calculate n(65).
-69
Let q(f) = -8*f**3 - 16*f**2 + 17*f - 49. Calculate q(4).
-749
Let l(j) = 6*j**3 + 11*j**2 - 18*j + 2. What is l(2)?
58
Let u(n) = 2*n**2 + 48*n + 56. What is u(-24)?
56
Let x(j) = 111*j + 570. Calculate x(-5).
15
Let u(t) = t**2 - 2394*t - 60475. Give u(-25).
0
Let w(t) = -2*t**2 - 47*t - 81. What is w(-16)?
159
Let f(t) = t**3 + 4*t**2 - 28*t - 782. Give f(9).
19
Let o(t) = -2*t**3 + 6*t**2 + 13*t - 22. What is o(-5)?
313
Let y(j) = j**3 + 16*j**2 + 13*j - 3. Determine y(-6).
279
Let f(v) = v**3 - 11*v**2 + 16*v - 48. Give f(10).
12
Let n(s) = s**3 - 164*s**2 + 54*s - 8862. Determine n(164).
-6
Let y(z) = -3*z**3 - 219*z**2 - 18*z - 1322. Give y(-73).
-8
Let y(b) = 6*b**3 + b**2 + 2*b + 47. Calculate y(-4).
-329
Let l(v) = -v**3 + 14*v**2 + 3*v + 69. What is l(15)?
-111
Let t(i) = 2*i**2 + 18*i - 14. Give t(-15).
166
Let i(g) = 5*g**2 + 39*g + 21. Give i(-7).
-7
Let l(x) = 87*x - 1059. Determine l(12).
-15
Let m(d) = 7*d**2 + 196*d + 387. Give m(-2).
23
Let s(q) = 27*q - 28. What is s(-12)?
-352
Let s(a) = 2*a**3 + 76*a**2 - 76*a + 9. Give s(-39).
-69
Let k(s) = 10*s**2 + 10*s - 8. Give k(2).
52
Let h(u) = -u**2 - 42*u - 418. Determine h(-23).
19
Let q(o) = -28*o**2 - 228*o - 24. Give q(-8).
8
Let b(p) = 12*p**2 - 96*p - 12. Determine b(9).
96
Let n(o) = -o**3 - 3*o**2 - 10*o - 37. What is n(-5)?
63
Let k(v) = -v**3 - 137*v**2 - 262*v + 1090. Give k(-135).
10
Let a(x) = x**3 - 104*x**2 + 3*x - 297. What is a(104)?
15
Let g(i) = -i**3 + 15*i**2 - 42*i + 20. What is g(9)?
128
Let k(j) = -j**2 + 22*j + 501. Determine k(-14).
-3
Let q(p) = -p**3 + 27*p**2 + 291*p + 99. Determine q(-8).
11
Let o(r) = 14*r**2 - 94*r - 13. Determine o(7).
15
Let u(w) = -5*w**3 - 14*w**2 + 15*w + 66. Calculate u(-5).
266
Let u(c) = c**3 + 28*c**2 + 114*c - 6. What is u(-23)?
17
Let g(u) = -6*u**3 + 2*u**2 + 3*u - 7. Determine g(-2).
43
Let k(h) = -23*h**3 - 483*h**2 - 2*h - 92. Give k(-21).
-50
Let h(x) = -x**3 - 7*x**2 - 10*x - 11. Give h(-6).
13
Let a(n) = 243*n - 430. Determine a(2).
56
Let z(k) = k**2 + 9*k - 54. Give z(-12).
-18
Let p(s) = -s**3 + 22*s**2 + 1964*s + 1778. What is p(57)?
11
Let l(d) = 12*d**2 + 143*d + 25. Calculate l(-9).
-290
Let o(b) = -b**2 - 31*b + 302. Calculate o(8).
-10
Let d(j) = -13*j**3 + 315*j + 635. Calculate d(-2).
109
Let p(i) = -4*i + 74. Calculate p(33).
-58
Let i(x) = -2*x**2 + 126*x - 537. Calculate i(61).
-293
Let c(h) = 229*h - 14431. What is c(63)?
-4
Let f(n) = -4050*n - 20256. Determine f(-5).
-6
Let v(i) = -57*i + 1387. Give v(18).
361
Let k(b) = -2*b**3 + 9*b**2 - 13*b + 12. Determine k(5).
-78
Let t(d) = -5*d**2 - 3*d + 2. Give t(1).
-6
Let x(l) = l**2 + 88*l - 1425. Calculate x(14).
3
Let s(h) = h**2 + 56*h + 674. Give s(-17).
11
Let p(l) = 4*l**2 + 4*l - 38. Give p(4).
42
Let q(a) = -2*a - 93. Give q(-48).
3
Let z(f) = 45*f + 6968. Determine z(-156).
-52
Let u(h) = -1370*h + 17804. Determine u(13).
-6
Let j(z) = 2*z**3 - 10*z**2 + 730*z - 3659. What is j(5)?
-9
Let o(b) = 222*b + 2218. Determine o(-10).
-2
Let o(d) = -d**3 - 11*d**2 - d - 58. Calculate o(-7).
-247
Let r(c) = -11*c**3 + 71*c**2 + 33*c + 64. Give r(7).
1
Let q(r) = -194*r - 3169. Determine q(-17).
129
Let s(h) = 220*h + 70. Determine s(-1).
-150
Let n(d) = -2*d**3 - 3*d + 40. Calculate n(3).
-23
Let n(c) = -1326*c + 168393. Determine n(127).
-9
Let a(p) = -3*p**3 + 97*p**2 - 32*p - 54. Calculate a(32).
-54
Let n(v) = 4*v**2 + 65*v - 21. Calculate n(-17).
30
Let j(x) = -5*x - 121. What is j(30)?
-271
Let q(z) = 520*z - 12484. Determine q(24).
-4
Let r(j) = -514*j + 1554. Calculate r(3).
12
Let p(b) = b**3 + 33*b**2 + 27*b - 145. Calculate p(-32).
15
Let h(o) = -11653*o + 69915. What is h(6)?
-3
Let s(c) = -7*c - 120. Determine s(12).
-204
Let t(c) = -c**3 - 18*c**2 - 19*c + 223. What is t(-16)?
15
Let h(t) = 3*t**3 + 48*t**2 + 10*t + 38. Determine h(-16).
-122
Let z(t) = -6*t**3 - 47*t**2 - 17*t - 205. Give z(-8).
-5
Let l(b) = b**3 - 75*b**2 + 5*b - 413. What is l(75)?
-38
Let x(s) = -33*s**2 + 9*s - 18. Calculate x(2).
-132
Let u(b) = 8*b - 955. Calculate u(119).
-3
Let b(h) = 28*h - 142. Determine b(5).
-2
Let s(u) = 6*u**3 - 262*u**2 - 87*u + 2. Give s(44).
46
Let k(x) = -2979*x + 5944. Determine k(2).
-14
Let w(u) = 22*u - 35. Give w(-4).
-123
Let x(b) = 20*b - 952. Determine x(41).
-132
Let d(m) = 3*m**2 - 19*m - 21. Determine d(-5).
149
Let a(p) = -2*p**3 + 2*p**2 + 21*p - 8. Give a(-4).
68
Let a(y) = -14*y + 144. Determine a(10).
4
Let b(u) = 2*u**3 + 25*u**2 + 61*u - 15. Calculate b(-9).
3
Let o(j) = 6*j**2 - 216*j + 1096. Calculate o(6).
16
Let h(z) = -2*z**3 - 2*z**2 + 5*z + 1. Give h(-2).
-1
Let g(o) = -12*o**2 + 30*o + 30. What is g(-1)?
-12
Let o(m) = -22*m**3 - 3*m**2 + 26*m - 26. What is o(1)?
-25
Let p(k) = -k**3 + 6*k**2 + 8*k - 70. What is p(8)?
-134
Let y(p) = 28*p + 49. Give y(-4).
-63
Let r(n) = -18*n**2 + 560*n - 8. Determine r(31).
54
Let y(c) = 6*c**2 - 7*c + 1. What is y(-3)?
76
Let z(t) = -7*t**2 + 165*t - 192. What is z(22)?
50
Let q(o) = -39*o - 600. Determine q(-18).
102
Let y(z) = z**2 - 18*z - 229. What is y(26)?
-21
Let r(u) = -158*u**3 + 2*u**2 + 5*u + 1. Calculate r(-1).
156
Let n(t) = -38*t + 617. What is n(15)?
47
Let t(z) = z**3 - 30*z**2 + 220*z + 47. Determine t(16).
-17
Let s(m) = -2*m**3 - 30*m**2 + m + 32. Give s(0).
32
Let s(v) = -v**2 - 138*v - 4381. What is s(-50)?
19
Let i(t) = -4*t + 208. Calculate i(59).
-28
Let n(a) = -38*a - 793. Calculate n(-21).
5
Let p(f) = -1999*f + 6. Give p(0).
6
Let q(l) = 31*l + 569. Calculate q(-19).
-20
Let m(s) = s**3 - 7*s**2 - 5*s - 20. What is m(6)?
-86
Let i(p) = -p**2 - 100*p + 1995. Calculate i(-117).
6
Let w(v) = v**2 - 278*v + 10. Give w(0).
10
Let i(t) = -t**2 + 29*t - 145. What is i(17)?
59
Let g(u) = -259*u - 263. What is g(-1)?
-4
Let g(p) = -3*p**3 + 5*p**2 - 29*p + 57. Determine g(4).
-171
Let k(v) = -330*v + 692. Determine k(2).
32
Let k(n) = n**3 + 10*n**2 - 73*n - 744. What is k(-9)?
-6
Let c(q) = 7*q**2 - 1904*q + 3787. Give c(270).
7
Let i(k) = -11*k - 49. Give i(-6).
17
Let w(v) = 34*v**2 - 5*v - 5. Calculate w(-1).
34
Let q(k) = -3*k**2 + 67*k + 27. Give q(25).
-173
Let g(r) = -2*r**3 - 31*r**2 + 4*r - 27. What is g(-15)?
-312
Let b(r) = 2*r - 82. Determine b(41).
0
Let s(p) = 2*p**3 + 8*p**2 - 27. Calculate s(2).
21
Let q(t) = t**3 - 4*t**2 - 95*t + 515. Calculate q(7).
-3
Let d(k) = -k**3 - 25*k**2 - 47*k - 20. What is d(-23)?
3
Let y(p) = p**2 + 57*p + 742. What is y(-25)?
-58
Let w(u) = 2*u**3 + 17*u**2 + 86*u + 460. Give w(-7).
5
Let b(v) = v**3 + 5*v**2 + 60*v - 435. Determine b(7).
573
Let v(i) = 11*i**2 + 1167*i + 98. Calculate v(-106).
-8
Let u(z) = 2*z**3 + 260*z**2 - 262*z + 13. Give u(-131).
13
Let m(t) = -615*t - 7380. Determine m(-12).
0
Let d(x) = x**3 - 20*x**2 + 15*x + 93. What is d(19)?
17
Let q(o) = -748*o - 6007. Determine q(-8).
-23
Let c(x) = -93*x**2 + 15*x + 10. Give c(-2).
-392
Let r(u) = u**3 + 10*u**2 + 3*u. Determine r(-7).
126
Let p(l) = -2009*l + 32141. What is p(16)?
-3
Let r(i) = -71*i - 626. What is r(-9)?
13
Let k(x) = x**2 + 13*x + 63. Calculate k(-11).
41
Let b(i) = -7*i**2 - 130*i - 73. Calculate b(-18).
-1
Let v(m) = m**2 - 2459*m - 92357. Calculate v(-37).
-5
Let y(t) = -89*t + 195. What is y(2)?
17
Let o(t) = -2*t - 30. Give o(-13).
-4
Let d(n) = 16*n + 1619. What is d(-102)?
-13
Let z